f). What is the units digit of j(2)?
8
Let n = -32 - -122. What is the units digit of n?
0
Let f = 123 - 66. Let b = -11 + f. What is the units digit of b?
6
Let h(t) = -28*t + 5. What is the tens digit of h(-3)?
8
Suppose 4*z + 30 = -g, -4*g - 56 = 2*z - 6. What is the units digit of (g/(-3))/((-12)/(-18))?
5
Let z(s) = -s**3 - 5*s**2 - 5*s - 3. Let b be z(-4). Suppose 0 = -4*k + 3 + b. What is the units digit of 1/(2*k/4)?
2
Let i be 4/6*9/2. Suppose -l - 5*a - 15 = -i*l, -3*l = 4*a - 80. What is the tens digit of l?
2
Let a = -17 - -17. Suppose -3*c + 115 = u - a*u, 4*c + 4*u = 140. What is the tens digit of c?
4
Let z = -75 + 164. What is the tens digit of z?
8
Let x(q) = q**3 - 5*q**2 + q. Let b be x(5). Suppose 0 = -4*f - 3*m - 63, 5*f + 0*m = -b*m - 75. Let n = 37 + f. What is the tens digit of n?
1
Let x be (1 + 1)/(-4)*0. Suppose -3*l + 6 + 57 = x. Suppose 0 = 2*o - 5*f - l, 6*o = 3*o - 3*f. What is the units digit of o?
3
Suppose 0 = 2*x - 4 - 20. Let b be 2/9 - (-152)/(-36). Let y = b + x. What is the units digit of y?
8
Suppose -9*v + 3064 = 454. What is the tens digit of v?
9
Suppose 9 = 7*i - 6*i. What is the tens digit of i/((-27)/(-84)) - 0?
2
Suppose 3*x + 0*x + 18 = 0. Let f = 11 + -2. Let w = x + f. What is the units digit of w?
3
What is the units digit of 12/30 - (-446)/10?
5
Let k(y) = -y - 5. Let w be k(-6). Let p be w + -2*(-3)/(-3). What is the units digit of (3 - (1 - p)) + 1?
2
Let f = 44 + -9. What is the units digit of f?
5
Let o(z) = -z**2 + 8*z - 6. Let u be o(7). Let t = u - -12. What is the units digit of t?
3
Let k(x) = 5 + 5*x + 0*x**2 + x**2 - 3. What is the units digit of k(-6)?
8
Let v be 1 + -3 - (1 - 3). Let g be (-3)/2 - (-21)/6. Suppose -k - 1 + g = v. What is the units digit of k?
1
Let p(t) = -t**3 - 8*t**2 + t + 10. Let y be p(-8). Let q be y - (4*-2)/(-2). What is the units digit of 6 + 1/q*2?
5
Let z(b) = -b**3 + 4*b**2 - 6. Suppose 0 = 3*v + r - 9, v - 6*v - 3*r + 15 = 0. What is the units digit of z(v)?
3
Let y be 1 - (-2 - -2 - 2). Suppose -g - 4*p = -14, -5*p + 8 - y = -5*g. Suppose -1 = -2*h - 3*a, g*a - 3 = -4*h - 3*a. What is the units digit of h?
2
Suppose f = 8*f - 651. What is the units digit of f?
3
Let z(l) = 4*l + 6. Let t(k) = -k + 1. Let c(p) = 3*t(p) + z(p). What is the units digit of c(0)?
9
Let j = 122 + -56. Let w = -44 + j. What is the units digit of w?
2
What is the tens digit of -34*((-12)/8 + 1)?
1
What is the tens digit of 3/((-5)/((-1660)/12))?
8
Let u be 2/(-10) - 28/10. Let q(d) = 2*d**2 + 3*d + 2. What is the units digit of q(u)?
1
Suppose -10 = 5*q - g, 4*q + 4*g + 5 = -3. What is the tens digit of 1 - q - -13 - -3?
1
Let w(d) be the second derivative of d**3 + 1/12*d**4 - 11/2*d**2 - d + 0. What is the units digit of w(-9)?
6
Let c be (1/2)/((-2)/12). Let w = -5 - c. What is the units digit of 2 + 0 - (-2 - w)?
2
What is the units digit of 6/(-10) - (0 - 1612/20)?
0
Let n be (-9)/(-4) - 15/(-20). Suppose 0 = -2*c - s - 40, 4*s - 23 = n*c + 15. Let q = c + 29. What is the units digit of q?
1
Let z(o) = -o**2 - 8*o - 4. Let n be z(-5). Let u = 18 - n. Suppose 4*v - u = 9. What is the units digit of v?
4
Let x(h) = 35*h**2 - h. Let p be x(-1). Suppose 12 = -k + p. Suppose -5*d = -3*w - 34, 2*d + 4*w = -0*d + k. What is the units digit of d?
8
Let a(b) = -2*b - 2. Let u be a(-13). What is the units digit of 544/u - 2/3?
2
Suppose i = -5*p + 45, -25 = 5*i - 0*i. Let t = p - 7. Suppose -k - 4*z + 11 = -2*z, -k = t*z - 15. What is the units digit of k?
3
Let u = 155 - 105. What is the tens digit of u?
5
Suppose -12 = -0*x - 4*x. Let v be 7/(-21) - (-4)/x. Suppose l = 5*z - 3*z - v, 4*l = z + 3. What is the units digit of l?
1
Let l be -6 + 4 + -9 + 2. What is the units digit of l/(-36) + (-30)/(-8)?
4
What is the tens digit of 146/3 - (-6)/(-9)?
4
Let u(g) = g**2 - 8*g + 2. Let o be u(8). Let n = -2 + o. Suppose -2*c = -n*c - 26. What is the units digit of c?
3
Suppose -5*p + 10 + 55 = 0. Suppose -3*l = -14 - p. What is the units digit of l?
9
Let t = -16 + 32. What is the tens digit of t?
1
Let z(j) = j**3 + 5*j**2 - 4*j - 3. Let t be z(-4). Suppose -4*l - t = -3*g, 5*l + 1 + 2 = -g. Suppose g*r - 10 = 2*r. What is the units digit of r?
2
Let y = 93 - 51. What is the units digit of y?
2
Let n = 36 - -5. What is the units digit of n?
1
Let t(v) = v**3 + 5*v**2 + 4*v. Let q be t(-5). Let h = q - -6. Let k = 21 + h. What is the units digit of k?
7
Suppose 0*q = q - 2. Let n be 152/(-6) - q/(-6). Let b = n - -40. What is the tens digit of b?
1
Let p = 4 + 38. What is the units digit of p?
2
Let v(x) = x**2 - 2*x + 2. Let d be v(2). Suppose g = -d*g. Suppose 0*h + 24 = 2*s + 3*h, -5*s + 3*h + 39 = g. What is the units digit of s?
9
Suppose 0 = -4*i + 5*i - 1. Suppose 5*s + 4 = -i, -3*r - 4*s = 31. What is the units digit of ((-6)/9)/(1/r)?
6
Suppose 3*w = -0*w + 12. Suppose w*r = 2*r + 10. What is the units digit of r/(((-2)/1)/(-2))?
5
Suppose -12*q + 5*q = -2121. What is the hundreds digit of q?
3
Let y = -2 + 3. Suppose -y = -5*v + 29. What is the units digit of v?
6
Suppose 3*q + 9 = 0, u + 3*q + 34 = 6*u. Suppose 4*y - t = 5, -y + 6 + u = 3*t. What is the units digit of y?
2
Suppose -y + 0 = -1. Let j = -16 + 16. What is the units digit of -2 + y + j + 7?
6
Let n be 0 - (1 + (-28 - 0)). Suppose 3*g - 5*m = -7, 0*g = -2*g - 3*m + n. Let f = -4 + g. What is the units digit of f?
2
Let p(u) = -u**3 - 4*u**2 - 7*u + 11. Let a(x) = x**3 + 4*x**2 + 6*x - 10. Let b(r) = -5*a(r) - 4*p(r). What is the units digit of b(-5)?
1
Let m(t) = t**3 + 9*t**2 + 9*t + 11. Let h be m(-8). Suppose -3*l + v = h*v - 14, 3*l - 3*v - 9 = 0. What is the units digit of l?
4
Let g = -21 + 15. Let f = -17 - g. Let b = 1 - f. What is the tens digit of b?
1
Let k(s) = 2*s**2 + 10*s - 8. Let q(y) = -y**2 - 10*y + 8. Let i(f) = -2*k(f) - 3*q(f). What is the units digit of i(9)?
1
Let w be (-2 + 2)*(-2)/(-6). Suppose 4*v = -4*d + 100, -2*v + w*d = -5*d - 85. What is the units digit of v?
0
Let o = 6 + -6. Let p = 1 - o. What is the units digit of p?
1
Let w = -6 - -7. Suppose w = x - 0. What is the units digit of x?
1
Let n(w) = -4*w**2 - 2*w + 7. Let z(i) = 2*i**2 + i - 3. Let j(l) = -4*n(l) - 9*z(l). Let f be j(-3). Let a = 22 + f. What is the units digit of a?
6
Let n = -11 + 37. Suppose 0*k = -2*k + n. What is the units digit of k?
3
Let u be 7/(-14) - (-14)/4. What is the units digit of 27/12 - u/12?
2
Suppose -4*y + 693 + 255 = 4*k, -3*y + 741 = -3*k. What is the tens digit of y?
4
Suppose 0*p = -2*p - 14. What is the tens digit of p/((-21)/36) - 0?
1
Suppose 6*v - 3*v = 30. What is the units digit of v?
0
Let v = 36 - -62. What is the units digit of v?
8
Let k be (-9)/(-3) + -5 + -3. Let i = k - -5. Suppose i = -6*w + 4*w + 2. What is the units digit of w?
1
Let p(w) = -82*w**3 - 1. What is the tens digit of p(-1)?
8
Suppose 0*a = 3*a - 15. What is the units digit of a?
5
Let b(x) be the first derivative of 6*x**2 - 2*x - 4. What is the units digit of b(2)?
2
Suppose -5*x - 4*z = -439, -x + 0*x + 3*z + 103 = 0. What is the units digit of x?
1
Suppose 0 = -h + 3*h - 80. Let g = h - 20. What is the tens digit of g?
2
Let t be (6/(-9))/((-1)/(-3)). Let y = t + 1. What is the units digit of ((-4)/12)/(y/27)?
9
Let q(g) be the second derivative of -g**5/20 + 7*g**4/12 - 7*g**3/6 + 7*g**2/2 - g. Let x be q(6). Suppose x = -l + 6. What is the units digit of l?
5
Suppose 2*t + 3*n - 41 = 0, 5*n - 80 = -5*t + 15. Suppose 3*s - 17 - t = 0. What is the units digit of s?
1
Let d = 2 + 5. Let r be d + -2 + -1 - -1. Let w = r + -1. What is the units digit of w?
4
Let y = 49 - 29. What is the tens digit of 2/4*y/1?
1
What is the tens digit of (174/9 + -6)/(1/9)?
2
Let u(b) = b**2 - 8*b + 6. Let k be u(5). What is the units digit of ((-6)/(-4))/(k/(-12))?
2
Suppose -2*t - 3*f + 18 = 0, -4*t + 4*f - 13 = -3*t. What is the units digit of (3/(-9))/(t/(-108))?
2
Suppose -k + 2*o - 9 = 0, -2*o + 17 = 2*k + o. Let u be 13/2 - k/2. Suppose -2*y - 32 = -u*y. What is the units digit of y?
8
Let o be (-116)/(-24) - (-2)/12. Let s(g) = -g**3 + 5*g**2 + 2*g - 5. What is the units digit of s(o)?
5
Suppose -3*p = -5*t - 52 - 15, 3*t - 41 = -p. Let o be p/4 - (-6)/8. Suppose -i - o*y + 17 = -4*y, 4*i = -3*y + 29. What is the u